 Calculate j(-49).
128
Let l(q) = -6*q**2 - 5*q - 12. Determine l(5).
-187
Let n(z) = 56*z - 134. What is n(2)?
-22
Let o(f) = f**3 + 9*f**2 + 4*f - 81. Give o(-6).
3
Let a(b) = 40*b - 88. What is a(2)?
-8
Let r(p) = -p**3 + 37*p**2 - 6*p + 28. What is r(37)?
-194
Let t(s) = 11*s**3 + 803*s**2 + 2*s + 145. Determine t(-73).
-1
Let j(o) = 85*o + 59. What is j(-1)?
-26
Let w(a) = a**3 - 5*a**2 - 2*a - 576. What is w(0)?
-576
Let u(s) = -3*s**2 + 14*s + 6. Calculate u(6).
-18
Let u(m) = -m**2 - 1146*m - 33483. Give u(-30).
-3
Let x(g) = -23*g**2 + 123*g - 59. Determine x(5).
-19
Let a(u) = -u**3 - 38*u**2 - 25*u + 421. Give a(-37).
-23
Let m(u) = 2*u**3 - 67*u**2 + 40*u - 110. Determine m(33).
121
Let f(h) = -h**3 - 17*h**2 - 31*h - 30. Determine f(-15).
-15
Let x(w) = 31*w**2 + 152*w + 14. Give x(-6).
218
Let a(y) = -y**3 + 48*y**2 - 46*y - 91. Give a(47).
-44
Let v(o) = -369*o - 724. Give v(-2).
14
Let b(c) = c**3 + 59*c**2 + 451*c + 60. Give b(-50).
10
Let p(z) = 57*z + 4557. What is p(-80)?
-3
Let f(i) = -22*i**2 + 124*i + 66. Give f(6).
18
Let s(n) = 82*n + 836. Determine s(-14).
-312
Let b(c) = -c**3 + 8*c**2 - 56*c + 206. Give b(5).
1
Let h(p) = p**3 - 35*p**2 + 58*p + 125. Determine h(33).
-139
Let k(j) = 11*j**2 + 734*j + 518. What is k(-66)?
-10
Let v(s) = 14*s - 975. What is v(70)?
5
Let a(f) = 99*f - 1509. Calculate a(14).
-123
Let r(b) = 3*b**3 + 3*b**2 - 6*b - 8. What is r(2)?
16
Let z(h) = -h**2 + 33*h - 33. Calculate z(28).
107
Let y(o) = 77*o + 1463. Give y(-19).
0
Let c(q) = -252*q + 2526. Give c(10).
6
Let a(y) = -y**2 - 91*y + 4. Calculate a(-91).
4
Let i(u) = 62*u + 6015. Give i(-97).
1
Let d(w) = 3*w**2 - 138*w - 279. Calculate d(48).
9
Let z(i) = -4*i**3 - 2*i**2 + 34*i + 128. Give z(0).
128
Let v(w) = -w**2 - 19*w + 1205. Determine v(-45).
35
Let b(g) = -g**2 + 790*g - 3909. What is b(5)?
16
Let v(p) = 3*p**2 - 2*p - 146. Calculate v(11).
195
Let i(z) = -3*z**2 - 5*z + 410. Determine i(-12).
38
Let g(q) = -165*q**2 - 4299*q - 258. Give g(-26).
-24
Let x(m) = 168*m + 448. Calculate x(-3).
-56
Let w(h) = 32*h + 170. What is w(6)?
362
Let f(u) = u**3 - 293*u**2 + 584*u - 575. Calculate f(291).
7
Let u(f) = -2*f**3 + 17*f**2 - 28*f - 11. Give u(7).
-60
Let a(g) = g**3 - 35*g**2 - 149*g + 1272. What is a(38)?
-58
Let g(j) = -75*j - 375. Give g(-5).
0
Let c(n) = n**3 + 3*n**2 - n - 98. Determine c(0).
-98
Let i(h) = 379*h + 2642. Determine i(-7).
-11
Let r(l) = -5*l + 248. Determine r(43).
33
Let u(p) = 83*p + 983. What is u(-12)?
-13
Let h(b) = -b**3 + 12*b**2 + 82*b + 38. Give h(17).
-13
Let o(i) = -2*i**3 + 508*i**2 + 2051*i + 3358. Determine o(258).
4
Let m(n) = 27*n + 272. What is m(-6)?
110
Let q(i) = i**2 + 22*i - 153. Give q(-30).
87
Let l(x) = 75*x**3 + 4*x**2 - 16*x - 15. Determine l(-1).
-70
Let h(v) = 3*v**2 + 7*v + 11. What is h(-2)?
9
Let a(m) = -22*m**2 + 551*m - 22. Determine a(25).
3
Let c(h) = -2*h**3 + 31*h**2 - 10*h - 71. Determine c(15).
4
Let q(g) = -123*g - 5483. Give q(-44).
-71
Let i(a) = -a**2 - 210*a + 1763. Calculate i(8).
19
Let q(b) = 2*b**3 + 4*b**2 - 16*b - 48. Determine q(-3).
-18
Let q(v) = -v**2 - 29*v + 1137. Give q(22).
15
Let l(u) = -2*u**3 + 15*u**2 + 128*u + 197. What is l(13)?
2
Let o(z) = -5*z + 148. Calculate o(26).
18
Let a(s) = -33*s**2 + 13*s + 17. Give a(3).
-241
Let b(z) = 926*z - 4660. Calculate b(5).
-30
Let u(b) = -b**2 - 88*b + 9084. Calculate u(61).
-5
Let y(h) = -6*h**3 + h**2 - 18*h - 45. What is y(-2)?
43
Let l(z) = -z**3 - 8*z**2 - 37*z - 37. What is l(-6)?
113
Let i(q) = 28*q**2 + 43*q - 12. Give i(-6).
738
Let d(b) = 29*b + 1405. Give d(-44).
129
Let u(i) = i**2 + 18*i - 153. Calculate u(-24).
-9
Let g(p) = -44*p**3 - p + 1. Determine g(1).
-44
Let j(a) = -4*a**3 - 12*a**2 - 16*a - 114. What is j(-4)?
14
Let c(l) = 1917*l - 49843. What is c(26)?
-1
Let u(j) = -42*j + 559. What is u(12)?
55
Let j(n) = n**2 - 60*n - 886. Calculate j(69).
-265
Let c(v) = 1241*v + 8684. Calculate c(-7).
-3
Let y(t) = -32*t - 162. Calculate y(-6).
30
Let a(f) = 470*f + 6576. Give a(-14).
-4
Let u(g) = 53*g - 7594. Determine u(143).
-15
Let k(z) = 35*z - 1158. Give k(36).
102
Let y(v) = -70*v**3 - 2*v**2 - 6*v + 8. What is y(1)?
-70
Let w(k) = k**3 + 9*k + 10. What is w(-3)?
-44
Let a(s) = -26*s**2 + 44*s + 87. Give a(-2).
-105
Let p(r) = -32*r**2 + 7*r - 1. What is p(1)?
-26
Let y(o) = o**3 + 13*o**2 + 19*o + 51. What is y(-10)?
161
Let m(g) = 5*g**2 - 43*g - 38. What is m(9)?
-20
Let b(n) = -1365*n - 10. What is b(0)?
-10
Let n(x) = -31*x**2 + 338*x - 4. Calculate n(11).
-37
Let l(a) = 4*a**2 - 55*a - 280. What is l(-5)?
95
Let g(b) = -2154*b + 4372. Calculate g(2).
64
Let t(d) = -d**2 + 150*d - 5616. Give t(77).
5
Let v(o) = -2*o - 52. What is v(-25)?
-2
Let s(f) = -3163*f + 15825. Determine s(5).
10
Let c(q) = 56*q + 911. Determine c(-15).
71
Let a(c) = c**3 + 43*c**2 + 2. Give a(-43).
2
Let u(s) = 21*s + 139. What is u(-7)?
-8
Let i(x) = -x**2 + 34*x - 36. Determine i(32).
28
Let c(o) = -5*o**2 - 509*o - 10567. Calculate c(-29).
-11
Let j(s) = 3*s**2 + 25*s - 660. Determine j(11).
-22
Let l(u) = 4*u**2 - 10370*u - 10370. Calculate l(-1).
4
Let i(z) = 4*z**2 + 40*z + 78. Calculate i(-7).
-6
Let w(u) = -u**3 + 39*u**2 - 386*u + 752. Calculate w(12).
8
Let c(q) = 13*q + 169. Give c(-13).
0
Let r(h) = -h**3 + 13*h**2 + 5*h - 164. Give r(12).
40
Let u(n) = -n**3 + 16*n**2 + 30*n - 6. What is u(-2)?
6
Let d(f) = 199*f + 3130. What is d(-16)?
-54
Let d(a) = -a**2 + 14*a + 297. What is d(26)?
-15
Let k(i) = 2*i**2 + 624*i + 39156. What is k(-87)?
6
Let w(n) = 2*n + 241. Determine w(-129).
-17
Let h(a) = a**2 - 84*a - 855. Determine h(-9).
-18
Let b(p) = 34*p - 236. Give b(7).
2
Let u(v) = -41*v - 5. What is u(0)?
-5
Let h(f) = 46682*f - 186733. Give h(4).
-5
Let w(q) = -q**2 - 34*q + 299. Calculate w(-42).
-37
Let k(j) = 7777*j + 23329. What is k(-3)?
-2
Let i(k) = -2*k**3 - 107*k**2 + 61*k + 115. Calculate i(-54).
-263
Let h(j) = -640*j + 10879. Calculate h(17).
-1
Let t(j) = -2317*j + 6892. Give t(3).
-59
Let i(j) = -19*j - 93. Calculate i(-7).
40
Let w(v) = -v**2 + 57*v - 128. Calculate w(47).
342
Let h(l) = 25*l + 209. Give h(-6).
59
Let w(n) = 22*n**2 - 92*n + 134. Determine w(2).
38
Let o(c) = c**3 + 10*c**2 + 20*c + 56. Give o(-8).
24
Let d(p) = -p**3 - 172*p**2 - 3676*p - 143. Give d(-147).
4
Let y(r) = 2*r**3 - 11*r**2 - 7*r - 9. Calculate y(6).
-15
Let z(c) = -c**3 - 23*c**2 + 11*c - 324. Give z(-24).
-12
Let u(z) = 519*z + 2079. Calculate u(-4).
3
Let v(j) = 79*j + 1. Determine v(0).
1
Let f(h) = -h**2 + 7639*h + 30569. Calculate f(-4).
-3
Let y(k) = 5*k**2 - 66*k + 24. Give y(8).
-184
Let u(f) = f**3 + 8*f**2 + 6*f - 14. Determine u(-6).
22
Let x(p) = -p**3 - 12*p**2 - 243*p + 537. Give x(2).
-5
Let g(r) = -r**2 - 49*r - 498. Determine g(-16).
30
Let m(z) = 283*z - 2831. Calculate m(10).
-1
Let k(b) = -12*b**2 - 551*b - 3225. Calculate k(-39).
12
Let t(f) = 928*f + 9290. Determine t(-10).
10
Let l(x) = 9*x**2 - 14*x - 260. Determine l(0).
-260
Let x(g) = 8*g**3 - 336*g**2 - 14*g + 599. Determine x(42).
11
Let b(z) = -4*z**3 - 6*z**2 - 5*z. Give b(-2).
18
Let o(v) = -32*v**2 + 48*v + 47. What is o(-1)?
-33
Let q(m) = -69*m - 79. What is q(-1)?
-10
Let w(j) = -j**2 + 6885*j - 82488. Determine w(12).
-12
Let k(f) = -34*f - 403. Calculate k(-12).
5
Let c(u) = -u**2 - 83*u - 1430. Give c(-24).
-14
Let d(p) = -3*p - 1011. Determine d(63).
-1200
Let r(w) = -w**3 - 44*w**2 + 93*w + 37. What is r(-46)?
-9
Let i(y) = -2449*y - 12243. Determine i(-5).
2
Let w(l) = 1211*l + 1215. Calculate w(-1).
4
Let h(s) = s**3 + 27*s**2 - 6*s - 155. Give h(-28).
-771
Let w(q) = 11*q**2 - 46*q + 201. Calculate w(4).
193
Let p(l) = -l**3 - 16*l**2 - 39*l - 5. What is p(-13)?
-5
Let n(b) = 2*b**3 + 8*b**2 - 29*b + 10. What is n(2)?
0
Let k(i) = 11*i**2 - 315*i - 638. Determine k(-2).
36
Let n(k) = k**2 + 101*k + 2173. Determine n(-70).
3
Let j(o) = -o**3 + 88*o**2 - 652*o - 34. What is j(80)?
-994
Let b(z) = -17*z - 235. Give b(-21).
122
Let t(k) = -2*k**3 - 194*k**2 + 190*k - 588. Determine t(-98).
0
Let u(v) = v**3 + 81*v**2 - 351*v + 42. Calculate u(4).
-2
Let m(o) = 148*o - 12122. Give m(82).
14
Let b(h) = 4*h**2 - 2061*h - 8292. What is b(-4)?
16
Let j(a) = -12*a**2 - 420*a + 434. What is j(-36)?
2
Let